0 + 3. What is the remainder when 55 is divided by a(c)?
17
Suppose 3*f - 98 = -5. Let z = -3647 - -3769. What is the remainder when z is divided by f?
29
Let a be ((-6)/10)/((-5)/25). Suppose 2*w = -b - b + 112, 0 = -a*b - 15. Let x = -13 + 29. Calculate the remainder when w is divided by x.
13
Let a(p) = 4*p - 1. Let z be a(1). Suppose z = 3*b - w, -2*b = 3*b - 4*w + 2. Let q = 14380 + -14376. Calculate the remainder when q is divided by b.
0
Let z be 3 + 166 + (2 - (5 - 2)). Suppose -5*l + l + 4*f + z = 0, 0 = -4*l + 3*f + 163. Let v = -18 + l. What is the remainder when 50 is divided by v?
12
Suppose -3*h = -75*o + 77*o - 603, 0 = h - 4*o - 215. What is the remainder when 618 is divided by h?
9
Let u(h) = 2*h**3 - 7*h**2 - 9*h + 3. Let r(g) = -15*g + 123. What is the remainder when u(7) is divided by r(5)?
43
Suppose -9*f + 8554 - 8311 = 0. What is the remainder when 1113 is divided by f?
6
What is the remainder when 1500 is divided by -10*(-49)/(-35) + 152?
120
Suppose -3*d = 640*s - 643*s - 330, 5*d - 604 = -4*s. What is the remainder when d is divided by (-45)/(-1*(-6)/(-4))?
26
Let x = -121 + -140. Let n = x + 403. Calculate the remainder when n is divided by 30.
22
Suppose 16*o - 513 = 13*o. Suppose -2*q + o = q. Suppose -q = -2*p + p. What is the remainder when p is divided by 15?
12
Let c = 58 + -35. Suppose -2*p + 10 = 0, 5*x = 4*p - 93 - 37. Let t(v) = v**3 + 23*v**2 + 14*v - 40. What is the remainder when t(x) is divided by c?
21
Let w(q) = -834*q - 10825. Calculate the remainder when 2559 is divided by w(-13).
9
Calculate the remainder when 600 is divided by (18/(-8) + 1)/((-574)/(-72) + -8).
15
Suppose 5*v = -28*v + 66. Suppose -113 = -v*s + 167. What is the remainder when s is divided by 48?
44
What is the remainder when ((-16)/(-6) - 2)/((-49455)/6183 + 8) is divided by 153?
152
Suppose 234 = 2*v + v. Let m(h) = -4*h - 25. Let s = 131 - 144. What is the remainder when v is divided by m(s)?
24
Suppose -13370 - 2613 = -19*h - 61. What is the remainder when h is divided by 211?
205
Let c(j) = -23*j - 316. What is the remainder when c(-28) is divided by 146?
36
Suppose -186*s = -193*s + 35. Suppose -s*f - u + 140 = 0, -3*f - 2*u + 84 = -0*u. Calculate the remainder when f is divided by (-6)/(-21) - 220/(-14).
12
Suppose 212 = 8*i - 115 - 241. What is the remainder when i is divided by 28?
15
Let n(y) = -3*y - 33. Let t be (-2)/(((-30)/36)/(1 - 6)). Let c be n(t). Calculate the remainder when 183 is divided by 1122/30 - c/(15/2).
35
Suppose -12 = -7*v + 3*v. Suppose v*j - 7*j = -128. Suppose -t + 57 = -5*f + 143, 4*t - 34 = -f. Calculate the remainder when j is divided by f.
14
Let a = -740 + 1356. What is the remainder when a is divided by 31?
27
Let w(d) = -2*d**3 - 12*d**2 + 30*d - 2. Let b(h) = -8*h**2 - 13*h - 13. Let m be b(-1). What is the remainder when 17 is divided by w(m)?
3
Suppose 9 = -4*p - s + 62, 80 = 5*p + 4*s. Suppose b - 25 = p. Suppose 0 = 40*d - b*d - 51. Calculate the remainder when 24 is divided by d.
7
Let a = -4020 + 4135. Calculate the remainder when a is divided by 107.
8
Let y = -13 + 100. Suppose -7*u = 4*x - 4*u - 116, -y = -3*x - 5*u. What is the remainder when x is divided by 7?
1
What is the remainder when 2637 is divided by (6/7)/((-16)/(-2) + (-961346)/120183)?
18
Let v(h) = h**3 + 3*h**2 + 10. Let j be (1 + -3)*(-12)/16*-2. What is the remainder when 398 is divided by v(j)?
8
Suppose -2*p - 5 = 9. Let a(r) = -r**3 - 4*r**2 + 7*r + 7. Let s be a(p). Suppose 78*y = 73*y + s. Calculate the remainder when 34 is divided by y.
13
Suppose -2*n + 363 = 23*h - 18*h, -294 = -4*h + 2*n. Calculate the remainder when 97 is divided by h.
24
Let s(k) = 24*k - 352. Calculate the remainder when 5925 is divided by s(21).
149
Suppose -6*h = -9 - 9. Suppose 4 - 22 = -h*t. What is the remainder when t is divided by 6?
0
Calculate the remainder when 196 is divided by 0 - (-77 - -2) - (-33 - (29 - 59)).
40
Let t = -818 + 590. Let y = t - -290. Calculate the remainder when 306 is divided by y.
58
Let z = -12534 - -12631. Suppose -4*v + 7*v = 186. Calculate the remainder when z is divided by v.
35
Suppose 2011 = -4*u - 5*b, u - 5*b - 2520 = 6*u. Let c = u - -517. Calculate the remainder when 71 is divided by c.
7
Suppose -7*a = -16*a + 180. Calculate the remainder when 397 is divided by (a/8)/(4/16).
7
Suppose 2*l - 4 - 54 = 0. Suppose 44*o - 76 = 25*o. Suppose -2*c + 5*a = -37, 5*a - l = -c + o*a. What is the remainder when 77 is divided by c?
25
Let o(q) = 22*q - 103. What is the remainder when 1532 is divided by o(6)?
24
What is the remainder when (130/(-5))/(25/(-565))*(0 + 5) is divided by 12?
10
Let k(r) = r**3 + 16*r**2 + 10*r - 14. Suppose -2*a + 8 = 0, -a + 128 = 4*j - 3*a. Suppose 32*c - 30 = j*c. Calculate the remainder when k(c) is divided by 13.
9
Suppose 32*r = 29*r. Let w(x) = x + 7. Let n = -133 + 157. What is the remainder when n is divided by w(r)?
3
Suppose 0 = -5*v + 4*v - 2*k + 144, 4*v - 564 = -4*k. Let f = -76 + v. What is the remainder when f is divided by 16?
14
Let o(k) = k**3 - 17*k**2 + 48*k + 228. What is the remainder when 656 is divided by o(11)?
26
Let z(o) be the second derivative of -o**3/3 + 30*o**2 - 60*o - 1. Calculate the remainder when 250 is divided by z(21).
16
Calculate the remainder when (489/12)/((6 - 7)/(-4)) is divided by 41.
40
Suppose -c + 5*j = c - 74, -4*j = 3*c - 88. Let b = c - -14. What is the remainder when b is divided by 15 + (0/(-3) - -1)?
14
Let k(r) = -r**3 - 12*r**2 - 26*r + 9. Let b be k(-10). Suppose 74*w = b*w + 30. Calculate the remainder when 53 is divided by w.
5
Suppose -3*h - 65 = 5*f - 157, -4*h = -3*f - 55. Let j = 73 - 6. What is the remainder when j is divided by h?
10
Suppose 974138*y = 974133*y + 300. Suppose -2*i - 234 = -1062. What is the remainder when i is divided by y?
54
Suppose 15*l + 5*l + 15*l - 3115 = 0. Calculate the remainder when 129 is divided by l.
40
Suppose -10*r + 7*r = 0. Suppose r*k = o - 4*k - 16, -5*o + 32 = -4*k. Calculate the remainder when -1*(-1)/(o/452) is divided by 23.
21
Let p(x) = 3*x + 5. Let l(h) = 5*h + 11. Let w(f) = 4*l(f) - 7*p(f). Let r be w(6). Suppose r*v - 11*v = -48. Calculate the remainder when 11 is divided by v.
5
Suppose -995*q - 2 = -996*q, -5*q = -5*s + 55. Calculate the remainder when 202 is divided by s.
7
Let x = 10 - 6. Suppose -9 = -t - 4*b, -b = 2 - x. What is the remainder when t/((10/(-90))/((-1)/3)) is divided by 3?
0
Let z(q) = 6*q + 2. What is the remainder when 5229/147 - ((-207)/(-644) - 9/12) is divided by z(3)?
16
Suppose -2*t - 4*f + 5*f = -1409, -3*f - 2823 = -4*t. Calculate the remainder when t is divided by 32.
30
Let a = 25963 + -25952. Calculate the remainder when 2945 is divided by a.
8
Let m(w) = -34*w - 2. Let a(c) = 243*c + 5472. What is the remainder when a(-22) is divided by m(-2)?
60
Suppose k = 2*x - 1803, -10*k + 14*k = 5*x - 4515. What is the remainder when x is divided by 226?
221
Let d(b) = -b**2 - 4*b + 19. Let k be 6*6*(-1)/9. What is the remainder when 88 is divided by d(k)?
12
Suppose -397 = -69*j + 431. Calculate the remainder when 357 is divided by j.
9
Let q = 1706 + -931. What is the remainder when q is divided by 253?
16
Let r(i) = 7*i**2 + 110*i - 744. What is the remainder when 682 is divided by r(6)?
10
Suppose 5*m + 5*d - 16855 = 0, 3*m - 34*d - 10149 = -31*d. Calculate the remainder when m is divided by 38.
33
Suppose 2*a + 9*k - 7522 = 0, 15158 = -a + 5*a - k. What is the remainder when a is divided by 23?
16
Suppose 12 = 7*z - z. Suppose -4*j - z*j + 84 = 0. Calculate the remainder when (3 - -62) + (0 + -1)*-1 is divided by j.
10
What is the remainder when 3*4/(-66) - 29/(1276/(-11404)) is divided by 35?
14
Let h(l) = -37*l + 1040. What is the remainder when h(-2) is divided by 13?
9
Let t(n) = -n**3 - 21*n**2 - 64*n - 167. Calculate the remainder when 140 is divided by t(-18).
10
Suppose 3*b + 2*k - 22 = 0, -4*b - 25*k + 32 = -21*k. Suppose 23*l - 136 = b*l. What is the remainder when 90 is divided by l?
2
Let d(q) = q**3 + 22*q**2 + 80*q + 249. Calculate the remainder when 297 is divided by d(-18).
87
Suppose -364*j = -366*j + 144. Let d = j - -11. What is the remainder when d is divided by 12?
11
Suppose -205*s = -210*s + 17660. What is the rem